{"id":42,"date":"2024-10-30T16:13:34","date_gmt":"2024-10-30T15:13:34","guid":{"rendered":"https:\/\/fotogruppewesel.hobby-site.com\/ubecker\/?page_id=42"},"modified":"2025-01-04T13:45:25","modified_gmt":"2025-01-04T12:45:25","slug":"motorrad","status":"publish","type":"page","link":"https:\/\/fotogruppewesel.hobby-site.com\/ubecker\/ub\/motorrad\/","title":{"rendered":"Motorrad"},"content":{"rendered":"\n<div class=\"wp-block-group alignfull\"><div class=\"wp-block-group__inner-container is-layout-flow wp-block-group-is-layout-flow\">\n<h2 class=\"wp-block-heading has-text-align-center\">meine Motorr\u00e4der<\/h2>\n\n\n\n<div class=\"wp-block-media-text alignwide is-stacked-on-mobile tw-stack-md\"><figure class=\"wp-block-media-text__media\"><img loading=\"lazy\" width=\"1024\" height=\"768\" src=\"https:\/\/fotogruppewesel.hobby-site.com\/ubecker\/wp-content\/uploads\/2024\/11\/Virago-1024x768.jpg\" alt=\"\" class=\"wp-image-505 size-full\" srcset=\"https:\/\/fotogruppewesel.hobby-site.com\/ubecker\/wp-content\/uploads\/2024\/11\/Virago-1024x768.jpg 1024w, https:\/\/fotogruppewesel.hobby-site.com\/ubecker\/wp-content\/uploads\/2024\/11\/Virago-300x225.jpg 300w, https:\/\/fotogruppewesel.hobby-site.com\/ubecker\/wp-content\/uploads\/2024\/11\/Virago-768x576.jpg 768w, https:\/\/fotogruppewesel.hobby-site.com\/ubecker\/wp-content\/uploads\/2024\/11\/Virago-1536x1152.jpg 1536w, https:\/\/fotogruppewesel.hobby-site.com\/ubecker\/wp-content\/uploads\/2024\/11\/Virago-1200x900.jpg 1200w, https:\/\/fotogruppewesel.hobby-site.com\/ubecker\/wp-content\/uploads\/2024\/11\/Virago.jpg 1600w\" sizes=\"auto, (max-width: 1024px) 100vw, 1024px\" \/><\/figure><div class=\"wp-block-media-text__content\">\n<h3 class=\"wp-block-heading tw-mb-3\">Virago 535<\/h3>\n\n\n\n<p><strong>1996<\/strong> &#8211; 1998<\/p>\n\n\n\n<p>mein erstest Motorrad, zum Zeitpunkt dieser Aufnahme hatte ich das Motorrad verkauft.<\/p>\n\n\n\n<p><\/p>\n<\/div><\/div>\n\n\n\n<div class=\"wp-block-media-text alignwide has-media-on-the-right is-stacked-on-mobile tw-stack-md\"><div class=\"wp-block-media-text__content\">\n<h3 class=\"wp-block-heading tw-mb-3\">BMW R1200C<\/h3>\n\n\n\n<p><strong>1998 &#8211; 2001<\/strong><\/p>\n\n\n\n<p>Mein sch\u00f6nstes Motorrad, w\u00fcrde ich heute nicht mehr verkaufen.<\/p>\n\n\n\n<p><\/p>\n<\/div><figure class=\"wp-block-media-text__media\"><img loading=\"lazy\" width=\"1024\" height=\"768\" src=\"https:\/\/fotogruppewesel.hobby-site.com\/ubecker\/wp-content\/uploads\/2024\/11\/R1200C1-1024x768.jpg\" alt=\"\" class=\"wp-image-512 size-full\" srcset=\"https:\/\/fotogruppewesel.hobby-site.com\/ubecker\/wp-content\/uploads\/2024\/11\/R1200C1-1024x768.jpg 1024w, https:\/\/fotogruppewesel.hobby-site.com\/ubecker\/wp-content\/uploads\/2024\/11\/R1200C1-300x225.jpg 300w, https:\/\/fotogruppewesel.hobby-site.com\/ubecker\/wp-content\/uploads\/2024\/11\/R1200C1-768x576.jpg 768w, https:\/\/fotogruppewesel.hobby-site.com\/ubecker\/wp-content\/uploads\/2024\/11\/R1200C1-1536x1152.jpg 1536w, https:\/\/fotogruppewesel.hobby-site.com\/ubecker\/wp-content\/uploads\/2024\/11\/R1200C1-1200x900.jpg 1200w, https:\/\/fotogruppewesel.hobby-site.com\/ubecker\/wp-content\/uploads\/2024\/11\/R1200C1-1980x1485.jpg 1980w, https:\/\/fotogruppewesel.hobby-site.com\/ubecker\/wp-content\/uploads\/2024\/11\/R1200C1.jpg 2048w\" sizes=\"auto, (max-width: 1024px) 100vw, 1024px\" \/><\/figure><\/div>\n\n\n\n<div class=\"wp-block-media-text alignwide is-stacked-on-mobile tw-stack-md\"><figure class=\"wp-block-media-text__media\"><img loading=\"lazy\" width=\"1024\" height=\"768\" src=\"https:\/\/fotogruppewesel.hobby-site.com\/ubecker\/wp-content\/uploads\/2024\/11\/R1150GS-1024x768.jpg\" alt=\"\" class=\"wp-image-507 size-full\" srcset=\"https:\/\/fotogruppewesel.hobby-site.com\/ubecker\/wp-content\/uploads\/2024\/11\/R1150GS-1024x768.jpg 1024w, https:\/\/fotogruppewesel.hobby-site.com\/ubecker\/wp-content\/uploads\/2024\/11\/R1150GS-300x225.jpg 300w, https:\/\/fotogruppewesel.hobby-site.com\/ubecker\/wp-content\/uploads\/2024\/11\/R1150GS-768x576.jpg 768w, https:\/\/fotogruppewesel.hobby-site.com\/ubecker\/wp-content\/uploads\/2024\/11\/R1150GS-1536x1152.jpg 1536w, https:\/\/fotogruppewesel.hobby-site.com\/ubecker\/wp-content\/uploads\/2024\/11\/R1150GS-1200x900.jpg 1200w, https:\/\/fotogruppewesel.hobby-site.com\/ubecker\/wp-content\/uploads\/2024\/11\/R1150GS-1980x1485.jpg 1980w, https:\/\/fotogruppewesel.hobby-site.com\/ubecker\/wp-content\/uploads\/2024\/11\/R1150GS.jpg 2048w\" sizes=\"auto, (max-width: 1024px) 100vw, 1024px\" \/><\/figure><div class=\"wp-block-media-text__content\">\n<h3 class=\"wp-block-heading tw-mb-3\">BMW R1150GS<\/h3>\n\n\n\n<p><strong>2001 &#8211; 2018<\/strong><\/p>\n\n\n\n<p>Viele sch\u00f6ne Touren hab ich mit der R1150GS erlebt. Als 2018 das ABS sich verabschiedet hat und die Reparatur mir zu teuer war habe ich mich von dem Motorrad getrennt. <\/p>\n\n\n\n<p><\/p>\n<\/div><\/div>\n\n\n\n<div class=\"wp-block-media-text alignwide has-media-on-the-right is-stacked-on-mobile tw-stack-md\"><div class=\"wp-block-media-text__content\">\n<h3 class=\"wp-block-heading tw-mb-3\">BMW R1200GS<\/h3>\n\n\n\n<p><strong>2018 &#8211; 2019<\/strong><\/p>\n\n\n\n<p>Das erste gebrauchte Motorrad, war zum Zeitpunkt des Kaufes 3 Jahre alt. Hat aber nicht lange gehalten. 2020 hab ich das mit Totalschaden vernichtet.<\/p>\n\n\n\n<p><\/p>\n<\/div><figure class=\"wp-block-media-text__media\"><img loading=\"lazy\" width=\"1024\" height=\"681\" src=\"https:\/\/fotogruppewesel.hobby-site.com\/ubecker\/wp-content\/uploads\/2024\/11\/R1200GS-1024x681.jpg\" alt=\"\" class=\"wp-image-508 size-full\" srcset=\"https:\/\/fotogruppewesel.hobby-site.com\/ubecker\/wp-content\/uploads\/2024\/11\/R1200GS-1024x681.jpg 1024w, https:\/\/fotogruppewesel.hobby-site.com\/ubecker\/wp-content\/uploads\/2024\/11\/R1200GS-300x200.jpg 300w, https:\/\/fotogruppewesel.hobby-site.com\/ubecker\/wp-content\/uploads\/2024\/11\/R1200GS-768x511.jpg 768w, https:\/\/fotogruppewesel.hobby-site.com\/ubecker\/wp-content\/uploads\/2024\/11\/R1200GS-1536x1022.jpg 1536w, https:\/\/fotogruppewesel.hobby-site.com\/ubecker\/wp-content\/uploads\/2024\/11\/R1200GS-2048x1363.jpg 2048w, https:\/\/fotogruppewesel.hobby-site.com\/ubecker\/wp-content\/uploads\/2024\/11\/R1200GS-1200x798.jpg 1200w, https:\/\/fotogruppewesel.hobby-site.com\/ubecker\/wp-content\/uploads\/2024\/11\/R1200GS-1980x1317.jpg 1980w\" sizes=\"auto, (max-width: 1024px) 100vw, 1024px\" \/><\/figure><\/div>\n\n\n\n<div class=\"wp-block-media-text alignwide is-stacked-on-mobile tw-stack-md\"><figure class=\"wp-block-media-text__media\"><img loading=\"lazy\" width=\"1024\" height=\"681\" src=\"https:\/\/fotogruppewesel.hobby-site.com\/ubecker\/wp-content\/uploads\/2024\/11\/R1250GS-1024x681.jpg\" alt=\"\" class=\"wp-image-511 size-full\" srcset=\"https:\/\/fotogruppewesel.hobby-site.com\/ubecker\/wp-content\/uploads\/2024\/11\/R1250GS-1024x681.jpg 1024w, https:\/\/fotogruppewesel.hobby-site.com\/ubecker\/wp-content\/uploads\/2024\/11\/R1250GS-300x200.jpg 300w, https:\/\/fotogruppewesel.hobby-site.com\/ubecker\/wp-content\/uploads\/2024\/11\/R1250GS-768x511.jpg 768w, https:\/\/fotogruppewesel.hobby-site.com\/ubecker\/wp-content\/uploads\/2024\/11\/R1250GS-1536x1022.jpg 1536w, https:\/\/fotogruppewesel.hobby-site.com\/ubecker\/wp-content\/uploads\/2024\/11\/R1250GS-2048x1363.jpg 2048w, https:\/\/fotogruppewesel.hobby-site.com\/ubecker\/wp-content\/uploads\/2024\/11\/R1250GS-1200x798.jpg 1200w, https:\/\/fotogruppewesel.hobby-site.com\/ubecker\/wp-content\/uploads\/2024\/11\/R1250GS-1980x1317.jpg 1980w\" sizes=\"auto, (max-width: 1024px) 100vw, 1024px\" \/><\/figure><div class=\"wp-block-media-text__content\">\n<h3 class=\"wp-block-heading tw-mb-3\">BMW R1200GS<\/h3>\n\n\n\n<p><strong>2020 &#8211; <\/strong>&#8230;<\/p>\n\n\n\n<p>Wieder eine neue. Ich hoffe sie begleitet mich weiterhin auf noch viele Touren.<\/p>\n\n\n\n<p><\/p>\n<\/div><\/div>\n<\/div><\/div>\n\n\n\n<p><\/p>\n","protected":false},"excerpt":{"rendered":"<p>meine Motorr\u00e4der Virago 535 1996 &#8211; 1998 mein erstest Motorrad, zum Zeitpunkt dieser Aufnahme hatte ich das Motorrad verkauft. BMW R1200C 1998 &#8211; 2001 Mein sch\u00f6nstes Motorrad, w\u00fcrde ich heute nicht mehr verkaufen. BMW R1150GS 2001 &#8211; 2018 Viele sch\u00f6ne Touren hab ich mit der R1150GS erlebt. Als 2018 das ABS sich verabschiedet hat und&hellip;<\/p>\n","protected":false},"author":1,"featured_media":0,"parent":38,"menu_order":2,"comment_status":"closed","ping_status":"closed","template":"","meta":{"footnotes":""},"class_list":["post-42","page","type-page","status-publish","hentry"],"_links":{"self":[{"href":"https:\/\/fotogruppewesel.hobby-site.com\/ubecker\/wp-json\/wp\/v2\/pages\/42","targetHints":{"allow":["GET"]}}],"collection":[{"href":"https:\/\/fotogruppewesel.hobby-site.com\/ubecker\/wp-json\/wp\/v2\/pages"}],"about":[{"href":"https:\/\/fotogruppewesel.hobby-site.com\/ubecker\/wp-json\/wp\/v2\/types\/page"}],"author":[{"embeddable":true,"href":"https:\/\/fotogruppewesel.hobby-site.com\/ubecker\/wp-json\/wp\/v2\/users\/1"}],"replies":[{"embeddable":true,"href":"https:\/\/fotogruppewesel.hobby-site.com\/ubecker\/wp-json\/wp\/v2\/comments?post=42"}],"version-history":[{"count":6,"href":"https:\/\/fotogruppewesel.hobby-site.com\/ubecker\/wp-json\/wp\/v2\/pages\/42\/revisions"}],"predecessor-version":[{"id":576,"href":"https:\/\/fotogruppewesel.hobby-site.com\/ubecker\/wp-json\/wp\/v2\/pages\/42\/revisions\/576"}],"up":[{"embeddable":true,"href":"https:\/\/fotogruppewesel.hobby-site.com\/ubecker\/wp-json\/wp\/v2\/pages\/38"}],"wp:attachment":[{"href":"https:\/\/fotogruppewesel.hobby-site.com\/ubecker\/wp-json\/wp\/v2\/media?parent=42"}],"curies":[{"name":"wp","href":"https:\/\/api.w.org\/{rel}","templated":true}]}}

<div class="wp-block-group alignfull"><div class="wp-block-group__inner-container is-layout-flow wp-block-group-is-layout-flow">
<h2 class="wp-block-heading has-text-align-center">meine Motorräder</h2>



<div class="wp-block-media-text alignwide is-stacked-on-mobile tw-stack-md"><figure class="wp-block-media-text__media"><img loading="lazy" width="1024" height="768" src="https://fotogruppewesel.hobby-site.com/ubecker/wp-content/uploads/2024/11/Virago-1024x768.jpg" alt="" class="wp-image-505 size-full" srcset="https://fotogruppewesel.hobby-site.com/ubecker/wp-content/uploads/2024/11/Virago-1024x768.jpg 1024w, https://fotogruppewesel.hobby-site.com/ubecker/wp-content/uploads/2024/11/Virago-300x225.jpg 300w, https://fotogruppewesel.hobby-site.com/ubecker/wp-content/uploads/2024/11/Virago-768x576.jpg 768w, https://fotogruppewesel.hobby-site.com/ubecker/wp-content/uploads/2024/11/Virago-1536x1152.jpg 1536w, https://fotogruppewesel.hobby-site.com/ubecker/wp-content/uploads/2024/11/Virago-1200x900.jpg 1200w, https://fotogruppewesel.hobby-site.com/ubecker/wp-content/uploads/2024/11/Virago.jpg 1600w" sizes="auto, (max-width: 1024px) 100vw, 1024px" /></figure><div class="wp-block-media-text__content">
<h3 class="wp-block-heading tw-mb-3">Virago 535</h3>



<p><strong>1996</strong> &#8211; 1998</p>



<p>mein erstest Motorrad, zum Zeitpunkt dieser Aufnahme hatte ich das Motorrad verkauft.</p>



<p></p>
</div></div>



<div class="wp-block-media-text alignwide has-media-on-the-right is-stacked-on-mobile tw-stack-md"><div class="wp-block-media-text__content">
<h3 class="wp-block-heading tw-mb-3">BMW R1200C</h3>



<p><strong>1998 &#8211; 2001</strong></p>



<p>Mein schönstes Motorrad, würde ich heute nicht mehr verkaufen.</p>



<p></p>
</div><figure class="wp-block-media-text__media"><img loading="lazy" width="1024" height="768" src="https://fotogruppewesel.hobby-site.com/ubecker/wp-content/uploads/2024/11/R1200C1-1024x768.jpg" alt="" class="wp-image-512 size-full" srcset="https://fotogruppewesel.hobby-site.com/ubecker/wp-content/uploads/2024/11/R1200C1-1024x768.jpg 1024w, https://fotogruppewesel.hobby-site.com/ubecker/wp-content/uploads/2024/11/R1200C1-300x225.jpg 300w, https://fotogruppewesel.hobby-site.com/ubecker/wp-content/uploads/2024/11/R1200C1-768x576.jpg 768w, https://fotogruppewesel.hobby-site.com/ubecker/wp-content/uploads/2024/11/R1200C1-1536x1152.jpg 1536w, https://fotogruppewesel.hobby-site.com/ubecker/wp-content/uploads/2024/11/R1200C1-1200x900.jpg 1200w, https://fotogruppewesel.hobby-site.com/ubecker/wp-content/uploads/2024/11/R1200C1-1980x1485.jpg 1980w, https://fotogruppewesel.hobby-site.com/ubecker/wp-content/uploads/2024/11/R1200C1.jpg 2048w" sizes="auto, (max-width: 1024px) 100vw, 1024px" /></figure></div>



<div class="wp-block-media-text alignwide is-stacked-on-mobile tw-stack-md"><figure class="wp-block-media-text__media"><img loading="lazy" width="1024" height="768" src="https://fotogruppewesel.hobby-site.com/ubecker/wp-content/uploads/2024/11/R1150GS-1024x768.jpg" alt="" class="wp-image-507 size-full" srcset="https://fotogruppewesel.hobby-site.com/ubecker/wp-content/uploads/2024/11/R1150GS-1024x768.jpg 1024w, https://fotogruppewesel.hobby-site.com/ubecker/wp-content/uploads/2024/11/R1150GS-300x225.jpg 300w, https://fotogruppewesel.hobby-site.com/ubecker/wp-content/uploads/2024/11/R1150GS-768x576.jpg 768w, https://fotogruppewesel.hobby-site.com/ubecker/wp-content/uploads/2024/11/R1150GS-1536x1152.jpg 1536w, https://fotogruppewesel.hobby-site.com/ubecker/wp-content/uploads/2024/11/R1150GS-1200x900.jpg 1200w, https://fotogruppewesel.hobby-site.com/ubecker/wp-content/uploads/2024/11/R1150GS-1980x1485.jpg 1980w, https://fotogruppewesel.hobby-site.com/ubecker/wp-content/uploads/2024/11/R1150GS.jpg 2048w" sizes="auto, (max-width: 1024px) 100vw, 1024px" /></figure><div class="wp-block-media-text__content">
<h3 class="wp-block-heading tw-mb-3">BMW R1150GS</h3>



<p><strong>2001 &#8211; 2018</strong></p>



<p>Viele schöne Touren hab ich mit der R1150GS erlebt. Als 2018 das ABS sich verabschiedet hat und die Reparatur mir zu teuer war habe ich mich von dem Motorrad getrennt. </p>



<p></p>
</div></div>



<div class="wp-block-media-text alignwide has-media-on-the-right is-stacked-on-mobile tw-stack-md"><div class="wp-block-media-text__content">
<h3 class="wp-block-heading tw-mb-3">BMW R1200GS</h3>



<p><strong>2018 &#8211; 2019</strong></p>



<p>Das erste gebrauchte Motorrad, war zum Zeitpunkt des Kaufes 3 Jahre alt. Hat aber nicht lange gehalten. 2020 hab ich das mit Totalschaden vernichtet.</p>



<p></p>
</div><figure class="wp-block-media-text__media"><img loading="lazy" width="1024" height="681" src="https://fotogruppewesel.hobby-site.com/ubecker/wp-content/uploads/2024/11/R1200GS-1024x681.jpg" alt="" class="wp-image-508 size-full" srcset="https://fotogruppewesel.hobby-site.com/ubecker/wp-content/uploads/2024/11/R1200GS-1024x681.jpg 1024w, https://fotogruppewesel.hobby-site.com/ubecker/wp-content/uploads/2024/11/R1200GS-300x200.jpg 300w, https://fotogruppewesel.hobby-site.com/ubecker/wp-content/uploads/2024/11/R1200GS-768x511.jpg 768w, https://fotogruppewesel.hobby-site.com/ubecker/wp-content/uploads/2024/11/R1200GS-1536x1022.jpg 1536w, https://fotogruppewesel.hobby-site.com/ubecker/wp-content/uploads/2024/11/R1200GS-2048x1363.jpg 2048w, https://fotogruppewesel.hobby-site.com/ubecker/wp-content/uploads/2024/11/R1200GS-1200x798.jpg 1200w, https://fotogruppewesel.hobby-site.com/ubecker/wp-content/uploads/2024/11/R1200GS-1980x1317.jpg 1980w" sizes="auto, (max-width: 1024px) 100vw, 1024px" /></figure></div>



<div class="wp-block-media-text alignwide is-stacked-on-mobile tw-stack-md"><figure class="wp-block-media-text__media"><img loading="lazy" width="1024" height="681" src="https://fotogruppewesel.hobby-site.com/ubecker/wp-content/uploads/2024/11/R1250GS-1024x681.jpg" alt="" class="wp-image-511 size-full" srcset="https://fotogruppewesel.hobby-site.com/ubecker/wp-content/uploads/2024/11/R1250GS-1024x681.jpg 1024w, https://fotogruppewesel.hobby-site.com/ubecker/wp-content/uploads/2024/11/R1250GS-300x200.jpg 300w, https://fotogruppewesel.hobby-site.com/ubecker/wp-content/uploads/2024/11/R1250GS-768x511.jpg 768w, https://fotogruppewesel.hobby-site.com/ubecker/wp-content/uploads/2024/11/R1250GS-1536x1022.jpg 1536w, https://fotogruppewesel.hobby-site.com/ubecker/wp-content/uploads/2024/11/R1250GS-2048x1363.jpg 2048w, https://fotogruppewesel.hobby-site.com/ubecker/wp-content/uploads/2024/11/R1250GS-1200x798.jpg 1200w, https://fotogruppewesel.hobby-site.com/ubecker/wp-content/uploads/2024/11/R1250GS-1980x1317.jpg 1980w" sizes="auto, (max-width: 1024px) 100vw, 1024px" /></figure><div class="wp-block-media-text__content">
<h3 class="wp-block-heading tw-mb-3">BMW R1200GS</h3>



<p><strong>2020 &#8211; </strong>&#8230;</p>



<p>Wieder eine neue. Ich hoffe sie begleitet mich weiterhin auf noch viele Touren.</p>



<p></p>
</div></div>
</div></div>



<p></p>

<p>meine Motorräder Virago 535 1996 &#8211; 1998 mein erstest Motorrad, zum Zeitpunkt dieser Aufnahme hatte ich das Motorrad verkauft. BMW R1200C 1998 &#8211; 2001 Mein schönstes Motorrad, würde ich heute nicht mehr verkaufen. BMW R1150GS 2001 &#8211; 2018 Viele schöne Touren hab ich mit der R1150GS erlebt. Als 2018 das ABS sich verabschiedet hat und&hellip;</p>
